e first derivative of t**2/2 + t - 159. What is u(-4)?
-3
Let r(a) = -a**3 - 7*a**2 + a + 9. Let t be r(-7). Let u(b) = -3 - 1 + 1 + 4*b - 2*b**t + 0*b. Let l be 2/(-9) - 87/(-27). Determine u(l).
-9
Let c(v) be the first derivative of -v**2/2 - 8*v + 4. Suppose 0*b - 5 = b. What is c(b)?
-3
Let v(u) be the second derivative of 2*u**3/3 + 149*u. Determine v(-3).
-12
Let w(o) = 14*o. Let y(a) = 9*a. Let d(t) = -5*w(t) + 8*y(t). Suppose 5*x - 29 = -0*u + 2*u, -5*x + 5*u = -35. Let h be (x - 7)*(1 - 2). What is d(h)?
4
Let w be 6/24 + 30/8. Let u(d) = -3*d + 9. Determine u(w).
-3
Let h(k) be the second derivative of -5*k**3/6 + k**2/2 + 264*k. Calculate h(-2).
11
Let w(p) = -p**3 - 4*p**2 - 2*p + 4. Suppose -25 = 5*f - i, -5*f = 4*i + 15 + 10. Determine w(f).
39
Suppose 3*x = -z + 5, 2*x + 0*z = 3*z - 15. Let q(o) be the second derivative of o**5/20 + o**4/12 + o**3/6 - 2*o**2 - 4*o - 30. Give q(x).
-4
Let w(b) = 4*b - 16. Let v be w(4). Let z(q) = -q**3 + 3*q**2 - q - 4. Let x(a) = 4*a**3 - 10*a**2 + 3*a + 13. Let p(y) = 2*x(y) + 7*z(y). Calculate p(v).
-2
Let y = 4/23 - 73/552. Let s(u) be the third derivative of 0 + 0*u + 4*u**2 + 11/6*u**3 + y*u**4. Give s(-8).
3
Suppose -8 - 4 = -c. Suppose 18 = c*d - 18. Let j(k) = 2*k**2 - 5*k + 4. Calculate j(d).
7
Let f(z) = -2*z + 3. Let g(o) = -o**2 - 2*o + 3. Let n(r) = f(r) - g(r). Give n(3).
9
Let o(b) = 4*b - 12*b + 5*b + 0*b. Calculate o(2).
-6
Let q(x) = x**3 - 3*x**2 - 3*x - 3. Let u(n) = -5*n**2 - 5 + 2*n**3 - 12*n + 2*n + 6*n - n. Let k(j) = -7*q(j) + 4*u(j). Suppose 0*v - 2 = 2*v. Calculate k(v).
0
Let f(r) = -5*r**2 - 7 + 0 + 8. Let n(c) = -4*c**2 + c. Let t(v) = 5*f(v) - 6*n(v). Give t(-6).
5
Let h = 3 + -3. Suppose h*b = 2*b. Let d(c) = 3 - 7 + 0*c**3 + c**3. What is d(b)?
-4
Let s(w) = 4*w + 6*w + 4*w**2 + 5*w**2 + 9*w**2 - 4 - 19*w**2. Calculate s(5).
21
Let j(s) be the first derivative of 1/4*s**4 - 20 - 5/2*s**2 - 3*s + 4/3*s**3. Determine j(-5).
-3
Let z(a) = -6 + 12*a - 5*a + 0*a - a**3 + 4*a**2. What is z(4)?
22
Let d be 48/32*10/3. Suppose 0 = 5*l + d*o - 10, 4*l - 3*o + 7 = 43. Let r(m) = -3*m + 8. What is r(l)?
-10
Let l(p) = -p**3 - 2*p**2 - 3*p - 2. Let g be l(-2). Let h(v) be the third derivative of -v**3 + 0 + 0*v - 4*v**2 + 1/24*v**4. Determine h(g).
-2
Suppose 30 = -30*o + 24*o. Let f(y) = 8*y. Calculate f(o).
-40
Let d(y) = -3 + 5 + 2*y - 6 + 21 + y. What is d(-12)?
-19
Let j(a) = -2*a - 19. Let z(b) = b**3 - 2*b**2 - 3*b - 3. Let g be z(-2). What is j(g)?
7
Let q(j) = -j**3 + 6*j**2 - 7*j - 1. Let b(h) = -h + 2. Let v be b(2). Suppose -2*l = -v*l. Suppose l = c + 2*t + 5, 3*t - 10 = -3*c - 2*c. Calculate q(c).
-11
Let j be (-7 + 37)*2/4. Let l be 4/3*j/(-2). Let a = -7 - l. Let z(w) = -w**3 + 4*w**2 - 5*w + 3. What is z(a)?
-3
Let d(x) be the third derivative of -1/3*x**3 + 0 - 13*x**2 + 0*x - 1/24*x**4. Give d(-8).
6
Let l(h) = -h**3 - 1. Let p(k) = 50 + 43 - k - 96. Let c be p(-3). Give l(c).
-1
Let t(l) = 15*l - 15. Let k(v) = 8*v - 8. Let q(w) = -5*k(w) + 3*t(w). Let r(g) = -g. Let z be r(-4). Determine q(z).
15
Let j(b) = -15*b + 83. Let v be j(6). Let w(h) = -h**3 - 8*h**2 - 5*h + 10. What is w(v)?
-4
Let r(q) = -23*q**2 + 3*q + 4. Let k(y) = 150*y**2 - 17*y - 24. Let b(j) = 2*k(j) + 13*r(j). Suppose 3*h = -2*p - 25, 0 = 2*p - 0*h - 2*h. What is b(p)?
4
Let b(l) = -l**3 + l**2 + l. Let f be b(0). Suppose 0*a - 2*a - 4*y - 34 = 0, -4*a + 2*y - 18 = f. Let r(v) = -v + 1. Determine r(a).
8
Let o(d) be the third derivative of -d**5/60 - d**4/4 + 3*d**3/2 + 142*d**2. Determine o(-8).
-7
Let j(a) be the third derivative of 13*a**8/20160 + a**7/5040 + a**5/2 - 36*a**2. Let u(f) be the third derivative of j(f). Give u(1).
14
Suppose -q + 2161 = 2158. Let r(x) = x**3 - 3*x**2 - 5*x + 3. Determine r(q).
-12
Let w(p) = -p + 5. Let q(g) = -g + 12. Let m be q(5). Suppose b = -m*b + 48. What is w(b)?
-1
Let d = 83 + -86. Let j(q) = 5*q**2 - 3*q - 1. Let m(z) = 3*z**2 - z. Let n(a) = 4*j(a) - 7*m(a). Determine n(d).
2
Let j(g) be the third derivative of g**6/120 - g**5/4 - g**3 + 2*g**2. Let u be j(15). Let h(r) = r**2 + 0 + 0*r**2 + 7*r + 1. Determine h(u).
-5
Let h = 633 - 633. Let m(k) be the third derivative of 0*k**3 + h + 0*k + 1/24*k**4 - 5*k**2. What is m(1)?
1
Let y(q) = 3*q**2 - 1. Let r be y(-1). Let s(d) = -d + 5 - r + 2 - 2. Let l be (35/(-5))/1*(-3)/7. Determine s(l).
0
Suppose -4*h = -2*r + 12, -r + 5*r - 4*h - 24 = 0. Suppose r*c + 30 + 24 = 0. Let o(w) = -w**2 - 11*w - 3. Give o(c).
15
Let a(j) = j**3 + 6*j**2 - 9*j - 6. Suppose -4*p + 4 = 0, 3*d + 14 + 9 = 2*p. Calculate a(d).
8
Let g = -544 - -541. Let y(p) = 4*p - 3. What is y(g)?
-15
Let x(n) be the first derivative of -4*n + 3/2*n**2 - 11. Give x(-3).
-13
Let n be 248/(-62) - (1 + -11 - 0). Let t(d) = d**2 - 8*d + 5. Let a(m) = m**2 - 8*m + 4. Let p(z) = -4*a(z) + 3*t(z). Determine p(n).
11
Let t(j) be the first derivative of j**6/120 - j**5/20 - j**4/6 - j**3/3 - 21*j**2/2 - 21. Let g(n) be the second derivative of t(n). Give g(4).
-2
Let n(k) be the first derivative of -3/2*k**3 + 0*k - 3 - k**2 - 3/20*k**5 - 1/3*k**4 - 1/120*k**6. Let c(i) be the second derivative of n(i). Give c(-8).
-9
Let u be 4 - 4*(-3 + 4). Suppose 0 = 5*q, 4*q = -4*c - u - 8. Let s(g) = g**2 + g + 2. Give s(c).
4
Let l(b) be the first derivative of -b**3/3 + 7*b**2 - 16*b - 14. What is l(13)?
-3
Let z(q) = q**2 + q + 10. Let v(f) = -f**3 - 6*f**2 - f - 6. Let b(y) = -y + 8. Let r be b(8). Let x = r - 6. Let u be v(x). What is z(u)?
10
Suppose 176 = 5*d + 17*d. Let h(b) = -b**2 + 12*b + 6. Calculate h(d).
38
Suppose 51 = -9*p - 3. Let r(l) = l**3 + 5*l**2 - 7*l - 4. Let q be r(-6). Let b(o) = -2 - q*o + 2*o + o. Give b(p).
-8
Let q(k) be the first derivative of k**4/2 - 2*k**3/3 - 2*k + 161. Give q(2).
6
Let z(t) be the third derivative of 0*t + 1/12*t**4 + 7/6*t**3 + 10*t**2 + 0. Determine z(-6).
-5
Let o(c) be the first derivative of -c**6/360 + c**5/120 - c**4/12 + 5*c**3 + 7. Let r(a) be the third derivative of o(a). Calculate r(-2).
-8
Let c(o) = -5*o**2 - 2*o + 1. Let k(p) = -4*p**2 - p + 1. Let i(b) = 3*c(b) - 4*k(b). Let l = -709 + 714. Give i(l).
14
Let s(t) = -t**2 - t + 2. Let m = -11 - -12. Let h be s(m). Let q(c) = -c**2 - 3 + 6*c + h*c**2 + 0*c**2 + 0*c**2. What is q(5)?
2
Let t(m) = m**2 - m + 5. Let k(y) = 5*y**2 - 4*y + 2. Let o be k(-2). Let x be ((-18)/20 - (-12)/o)*0. Determine t(x).
5
Let q(f) be the first derivative of f**5/24 - f**4/12 - 4*f**3 + 5. Let m(s) be the third derivative of q(s). Determine m(2).
8
Let v(n) be the first derivative of 1/3*n**3 + 4 - 3/2*n**2 - n. Give v(2).
-3
Suppose 18*h = 15*h - 4*p - 18, -12 = 2*h + 4*p. Let o(j) = 2*j + 18. What is o(h)?
6
Let u be (12/360*-6)/((-4)/15). Let l(q) be the second derivative of 1/20*q**5 + q**2 + 0 - 6*q + 4/3*q**3 - u*q**4. Give l(8).
2
Let x(h) = -4*h - 4. Let n = 9 + -7. Suppose 5*g = 3*t - 27, -4*t - 6 = -n*g - 7*t. Give x(g).
8
Let w(b) be the second derivative of -b**4/12 - b**3/3 - b**2/2 + 2*b - 38. Give w(3).
-16
Suppose -2*m + 0*m - 2 = 0. Let j = 45 + -25. Let z(s) = -41*s + 22*s + 1 + j*s. What is z(m)?
0
Let l = -23 + 16. Let w(o) = -o**2 - 2*o - 4. Let s(h) = -3*h**2 - 7*h - 13. Let c(b) = l*w(b) + 2*s(b). Let t be 1/(-4) - (-5)/20. What is c(t)?
2
Let j(z) = -4*z. Let t(k) = 5*k. Let f(h) = 4*j(h) + 3*t(h). Suppose -6*v = -10 + 4. Determine f(v).
-1
Let x = -35 + 27. Let w = 14 + x. Let d(q) = 14 - 4*q + w*q - 4*q + q. Determine d(0).
14
Let a(k) = -225*k**2 + 2*k**3 + 216*k**2 - 8 - k**3. Give a(9).
-8
Let j(y) be the second derivative of -5/6*y**3 + y - 3/2*y**2 + 0 - 1/12*y**4. Suppose 9*p + 259*p + 558 + 514 = 0. Give j(p).
1
Suppose -104*x = -92*x. Let c(i) be the third derivative of 5/24*i**4 + 0 + x*i - 9*i**2 - 1/60*i**5 + 1/6*i**3. Determine c(6).
-5
Suppose 23 = -13*o - 42. Let d(b) = 7*b - 1. Let u(z) = 3*z - 1. Let p(k) = o*u(k) + 2*d(k). Give p(0).
3
Let f(l) = -2*l**2 + l + 16. Let x be -6 + 153/54 + 2/12. Give f(x).
-5
Let s(x) = -2*x - 1. Suppose 5*z - 4*o = -11, -3*o = -z - 0*z. Let u be s(z). Suppose 0 = 3*f + 3*v - v - 20, 20 = u*v. Let y(n) = 4*n - 3. Give y(f).
13
Let h(x) be the third derivative of -x**4/12 - x**3/6 + 56*x**2. Calculate h(6).
-13
Let w(x) = -13*x + 1. Let p(o) = 2*o**3 + o**2 + 3*o - 1. Let v b